{"id":868,"date":"2023-01-12T11:01:33","date_gmt":"2023-01-12T10:01:33","guid":{"rendered":"http:\/\/mellesue.com\/index.php\/produit\/hoodie-with-logo\/"},"modified":"2023-10-16T17:25:51","modified_gmt":"2023-10-16T15:25:51","slug":"hoodie-with-logo","status":"publish","type":"product","link":"https:\/\/mellesue.com\/index.php\/produit\/hoodie-with-logo\/","title":{"rendered":"Print A4 \u2022 Phoenix  &#8212;&#8212;&#8212;&#8212;&#8212;&#8212;"},"content":{"rendered":"<div id=\"tab-description\" class=\"woocommerce-Tabs-panel woocommerce-Tabs-panel--description panel entry-content wc-tab\" role=\"tabpanel\" aria-labelledby=\"tab-title-description\">\n<p>Impression A4 sur papier couch\u00e9 mat 200g. L\u2019illustration repr\u00e9sente un ph\u0153nix.<\/p>\n<p><strong>\u2022\u00a0<u>Taille<\/u><\/strong>: A4 (21cm x 29,7cm)<br \/>\n<strong>\u2022 <u>Mati\u00e8re<\/u><\/strong>: Papier Mat 200g <strong><u><br \/>\n<\/u>\u2022 <u>Emballage<\/u><\/strong>: Envoy\u00e9 \u00e0 plat dans une enveloppe renforc\u00e9e de carton ou papier bulle ( selon les articles de la commande ).<\/p>\n<\/div>\n","protected":false},"excerpt":{"rendered":"<p>Impression A4 sur papier couch\u00e9 mat 200g. L\u2019illustration repr\u00e9sente un ph\u0153nix.<\/p>\n","protected":false},"featured_media":77,"template":"elementor_header_footer","meta":{"site-sidebar-layout":"default","site-content-layout":"default","ast-global-header-display":"","ast-banner-title-visibility":"","ast-main-header-display":"","ast-hfb-above-header-display":"","ast-hfb-below-header-display":"","ast-hfb-mobile-header-display":"","site-post-title":"","ast-breadcrumbs-content":"","ast-featured-img":"","footer-sml-layout":"","theme-transparent-header-meta":"default","adv-header-id-meta":"","stick-header-meta":"","header-above-stick-meta":"","header-main-stick-meta":"","header-below-stick-meta":""},"product_cat":[29,33],"product_tag":[],"class_list":["post-868","product","type-product","status-publish","has-post-thumbnail","hentry","product_cat-prints","product_cat-tout","desktop-align-center","tablet-align-center","mobile-align-center"],"_links":{"self":[{"href":"https:\/\/mellesue.com\/index.php\/wp-json\/wp\/v2\/product\/868","targetHints":{"allow":["GET"]}}],"collection":[{"href":"https:\/\/mellesue.com\/index.php\/wp-json\/wp\/v2\/product"}],"about":[{"href":"https:\/\/mellesue.com\/index.php\/wp-json\/wp\/v2\/types\/product"}],"version-history":[{"count":7,"href":"https:\/\/mellesue.com\/index.php\/wp-json\/wp\/v2\/product\/868\/revisions"}],"predecessor-version":[{"id":974,"href":"https:\/\/mellesue.com\/index.php\/wp-json\/wp\/v2\/product\/868\/revisions\/974"}],"wp:featuredmedia":[{"embeddable":true,"href":"https:\/\/mellesue.com\/index.php\/wp-json\/wp\/v2\/media\/77"}],"wp:attachment":[{"href":"https:\/\/mellesue.com\/index.php\/wp-json\/wp\/v2\/media?parent=868"}],"wp:term":[{"taxonomy":"product_cat","embeddable":true,"href":"https:\/\/mellesue.com\/index.php\/wp-json\/wp\/v2\/product_cat?post=868"},{"taxonomy":"product_tag","embeddable":true,"href":"https:\/\/mellesue.com\/index.php\/wp-json\/wp\/v2\/product_tag?post=868"}],"curies":[{"name":"wp","href":"https:\/\/api.w.org\/{rel}","templated":true}]}}